re the prime factors of 389?
389
List the prime factors of 55694.
2, 27847
List the prime factors of 1167.
3, 389
List the prime factors of 3431.
47, 73
What are the prime factors of 1856?
2, 29
List the prime factors of 1914.
2, 3, 11, 29
What are the prime factors of 78523?
17, 31, 149
What are the prime factors of 1458?
2, 3
List the prime factors of 3009.
3, 17, 59
What are the prime factors of 2083?
2083
List the prime factors of 355.
5, 71
List the prime factors of 9944.
2, 11, 113
What are the prime factors of 1432?
2, 179
What are the prime factors of 5539?
29, 191
What are the prime factors of 934?
2, 467
What are the prime factors of 75290?
2, 5, 7529
What are the prime factors of 388?
2, 97
List the prime factors of 274.
2, 137
List the prime factors of 1513.
17, 89
What are the prime factors of 787?
787
What are the prime factors of 90?
2, 3, 5
What are the prime factors of 8576?
2, 67
List the prime factors of 234.
2, 3, 13
What are the prime factors of 917?
7, 131
List the prime factors of 16976.
2, 1061
List the prime factors of 2662.
2, 11
List the prime factors of 3757.
13, 17
What are the prime factors of 1559?
1559
List the prime factors of 31348.
2, 17, 461
What are the prime factors of 4178?
2, 2089
List the prime factors of 12891.
3, 4297
What are the prime factors of 14745?
3, 5, 983
List the prime factors of 3134.
2, 1567
List the prime factors of 25116.
2, 3, 7, 13, 23
List the prime factors of 7743.
3, 29, 89
List the prime factors of 17831.
11, 1621
What are the prime factors of 1546?
2, 773
List the prime factors of 3463.
3463
List the prime factors of 1311.
3, 19, 23
What are the prime factors of 162135?
3, 5, 1201
List the prime factors of 477.
3, 53
What are the prime factors of 2874?
2, 3, 479
List the prime factors of 25377.
3, 11, 769
What are the prime factors of 4765?
5, 953
List the prime factors of 3400.
2, 5, 17
List the prime factors of 1166.
2, 11, 53
What are the prime factors of 16404?
2, 3, 1367
List the prime factors of 36839.
11, 17, 197
What are the prime factors of 199?
199
What are the prime factors of 37782?
2, 3, 2099
What are the prime factors of 590?
2, 5, 59
What are the prime factors of 119533?
119533
List the prime factors of 16225.
5, 11, 59
List the prime factors of 1843.
19, 97
What are the prime factors of 48128?
2, 47
What are the prime factors of 5491?
17, 19
What are the prime factors of 455?
5, 7, 13
What are the prime factors of 2305?
5, 461
List the prime factors of 3660.
2, 3, 5, 61
List the prime factors of 3988.
2, 997
List the prime factors of 777.
3, 7, 37
What are the prime factors of 3300?
2, 3, 5, 11
List the prime factors of 81101.
81101
What are the prime factors of 93013?
47, 1979
List the prime factors of 98327.
98327
List the prime factors of 4730.
2, 5, 11, 43
List the prime factors of 2162.
2, 23, 47
What are the prime factors of 12188?
2, 11, 277
List the prime factors of 58322.
2, 11, 241
What are the prime factors of 2076?
2, 3, 173
What are the prime factors of 1078?
2, 7, 11
List the prime factors of 49516.
2, 12379
What are the prime factors of 33989?
41, 829
List the prime factors of 4900.
2, 5, 7
List the prime factors of 1476.
2, 3, 41
What are the prime factors of 21835?
5, 11, 397
What are the prime factors of 1958?
2, 11, 89
List the prime factors of 7134.
2, 3, 29, 41
List the prime factors of 86.
2, 43
List the prime factors of 734.
2, 367
List the prime factors of 112016.
2, 7001
List the prime factors of 7847.
7, 19, 59
What are the prime factors of 3555?
3, 5, 79
List the prime factors of 8648.
2, 23, 47
List the prime factors of 962.
2, 13, 37
What are the prime factors of 31742?
2, 59, 269
List the prime factors of 7280.
2, 5, 7, 13
List the prime factors of 3642.
2, 3, 607
What are the prime factors of 1852?
2, 463
What are the prime factors of 5610?
2, 3, 5, 11, 17
List the prime factors of 132659.
53, 2503
List the prime factors of 10729.
10729
List the prime factors of 590.
2, 5, 59
What are the prime factors of 23457?
3, 7, 1117
What are the prime factors of 4185?
3, 5, 31
What are the prime factors of 189?
3, 7
List the prime factors of 143008.
2, 41, 109
List the prime factors of 9085.
5, 23, 79
What are the prime factors of 2981?
11, 271
What are the prime factors of 4201?
4201
What are the prime factors of 59907?
3, 19, 1051
What are the prime factors of 4521?
3, 11, 137
List the prime factors of 42.
2, 3, 7
What are the prime factors of 900?
2, 3, 5
List the prime factors of 3103.
29, 107
What are the prime factors of 1097?
1097
List the prime factors of 18433.
18433
What are the prime factors of 13104?
2, 3, 7, 13
List the prime factors of 7514.
2, 13, 17
What are the prime factors of 1578?
2, 3, 263
What are the prime factors of 681?
3, 227
What are the prime factors of 1369?
37
What are the prime factors of 228?
2, 3, 19
List the prime factors of 12029.
23, 523
List the prime factors of 513.
3, 19
What are the prime factors of 13892?
2, 23, 151
What are the prime factors of 4973?
4973
What are the prime factors of 5601?
3, 1867
What are the prime factors of 1033?
1033
What are the prime factors of 1367?
1367
What are the prime factors of 24152?
2, 3019
What are the prime factors of 1955?
5, 17, 23
What are the prime factors of 552?
2, 3, 23
List the prime factors of 865.
5, 173
List the prime factors of 1253.
7, 179
What are the prime factors of 11540?
2, 5, 577
List the prime factors of 655.
5, 131
List the prime factors of 16810.
2, 5, 41
List the prime factors of 26188.
2, 6547
What are the prime factors of 7225?
5, 17
List the prime factors of 27339.
3, 13, 701
List the prime factors of 1299.
3, 433
List the prime factors of 1646.
2, 823
What are the prime factors of 27417?
3, 13, 19, 37
List the prime factors of 492.
2, 3, 41
List the prime factors of 23326.
2, 107, 109
What are the prime factors of 7487?
7487
List the prime factors of 179890.
2, 5, 17989
List the prime factors of 642.
2, 3, 107
List the prime factors of 70885.
5, 14177
List the prime factors of 773.
773
What are the prime factors of 56996?
2, 14249
What are the prime factors of 145118?
2, 72559
What are the prime factors of 43420?
2, 5, 13, 167
List the prime factors of 311.
311
What are the prime factors of 13344?
2, 3, 139
What are the prime factors of 20632?
2, 2579
What are the prime factors of 84044?
2, 21011
List the prime factors of 70552.
2, 8819
What are the prime factors of 17692?
2, 4423
List the prime factors of 47742.
2, 3, 73, 109
What are the prime factors of 34952?
2, 17, 257
List the prime factors of 3970.
2, 5, 397
List the prime factors of 1772.
2, 443
List the prime factors of 1252.
2, 313
What are the prime factors of 3913?
7, 13, 43
What are the prime factors of 2833?
2833
What are the prime factors of 925?
5, 37
What are the prime factors of 41388?
2, 3, 3449
What are the prime factors of 20957?
19, 1103
List the prime factors of 2644.
2, 661
What are the prime factors of 1986?
2, 3, 331
What are the prime factors of 22285?
5, 4457
List the prime factors of 12313.
7, 1759
List the prime factors of 8178.
2, 3, 29, 47
What are the prime factors of 4319?
7, 617
What are the prime factors of 119055?
3, 5, 7937
What are the prime factors of 1791?
3, 199
List the prime factors of 231.
3, 7, 11
What are the prime factors of 945?
3, 5, 7
List the prime factors of 4808.
2, 601
List the prime factors of 150.
2, 3, 5
List the prime factors of 60720.
2, 3, 5, 11, 23
List the prime factors of 26511.
3, 8837
List the prime factors of 207.
3, 23
List the prime factors of 322.
2, 7, 23
What are the prime factors of 67769?
13, 401
What are the prime factors of 88960?
2, 5, 139
What are the prime factors of 4813?
4813
What are the prime factors of 23346?
2, 3, 1297
What are the prime factors of 33347?
33347
List the prime factors of 6614.
2, 3307
What are the prime factors of 3200?
2, 5
List the prime factors of 4142.
2, 19, 109
List the prime factors of 960.
2, 3, 5
What are the prime factors of 20180?
2, 5, 1009
List the prime factors of 9028.
2, 37, 61
What are the prime factors of 409?
409
What are the prime factors of 3156?
2, 3, 263
What are the prime factors of 278?
2, 139
List the prime factors of 430.
2, 5, 43
What are the prime factors of 8